ghest common factor of i and z.
1
Let r = 8254 - 7054. Calculate the greatest common factor of 1950 and r.
150
Let d(q) = q**3 + 6*q**2 - 6*q + 7. Let r be d(-7). Let a be (11 - r)/(13/52). Calculate the highest common divisor of 154 and a.
22
Let r be (216/180)/(1/40). Suppose -r*l = -47*l - 28. What is the greatest common divisor of l and 154?
14
Suppose 445050 = 1693*c - 1624*c. Calculate the greatest common divisor of 774 and c.
258
Let g be (1 + 0)*(-3 + 13). Let k(n) = -2*n + 26. Let r be k(g). What is the highest common factor of r and 222?
6
Let c be ((-9)/6)/(6/(-8)). Let w(h) = -2*h - 2. Let a = -21 + 19. Let g be w(a). Calculate the greatest common divisor of c and g.
2
Let s = 49 + 113. Suppose 6*i = 8*i - s. What is the greatest common factor of i and 3?
3
Let v = 142 + 66. Suppose -61 + v = k. Calculate the greatest common divisor of 21 and k.
21
Let u be (-230233)/(-29) - 1 - (-2634)/(-38193). Calculate the highest common divisor of u and 135.
27
Suppose 10*b - 10200 = -2*h, -10240 = 23*h - 25*h - 2*b. What is the greatest common factor of 125 and h?
125
Suppose -4082 - 2268 = -127*h. Calculate the highest common divisor of 1325 and h.
25
Suppose 63*i = 126*i - 3465. Let x(j) = 2*j**2 + 4*j - 1. Let u be x(-3). Calculate the greatest common factor of i and u.
5
Let d = -852 + 760. Let m = 127 + d. What is the greatest common divisor of m and 10?
5
Let s be ((-4)/10)/((-330)/113850). What is the greatest common divisor of 1 and s?
1
Let s = 3098 - 3089. What is the highest common divisor of s and 88?
1
Suppose 0 = 6*j - 2841 + 675. Suppose 9*c + j = 13*c - 5*v, -5 = v. Calculate the highest common divisor of c and 105.
21
Suppose 30*v - 89*v + 1138488 = 64*v. Calculate the highest common factor of 178 and v.
178
Let l = -23674 - -26695. Calculate the highest common factor of l and 171.
57
Suppose 0 = 13*m - 224*m - 39*m + 636250. What is the greatest common divisor of m and 15?
5
Let x(i) = -16*i**3 + 7*i**2 + 12*i - 51. Let t be x(-4). Calculate the highest common divisor of 51 and t.
17
Let p = -106 - -153. Let b be (-141)/2*28/(-21). Calculate the highest common divisor of b and p.
47
Let n = -9887 - -10135. Calculate the highest common divisor of 9858 and n.
62
Suppose 316*h = 666*h - 18403000. What is the greatest common divisor of 11 and h?
11
Suppose 21*r + 45517 = 68*r + 3170. Calculate the highest common factor of r and 51.
17
Let p(f) = -f**3 + 12*f**2 - 47*f + 44. Let o be p(10). Let j = 836 + o. Calculate the greatest common factor of j and 10.
10
Let c = 16857 - 16765. Let s = -4 + 50. What is the greatest common factor of s and c?
46
Let t = -149 - -139. Let l be (-891)/(-12) - t/(-8). What is the highest common factor of 292 and l?
73
Let g = -5382 + 5391. Calculate the highest common divisor of 954 and g.
9
Suppose 4*j = -6*t + 99778 + 193366, -97718 = -2*t - 2*j. Calculate the greatest common divisor of t and 26.
26
Suppose -8*d + 28*d = 380. Suppose 87 = 22*x - d*x. What is the highest common divisor of x and 232?
29
Suppose 10*m = 115 - 95. Let r be (-8)/(-10)*((-111)/(-2) + m). What is the greatest common divisor of r and 184?
46
Let m be (5 - 0)*94 + (8 - 5). Suppose 4*y + g - m = -4*g, 5*y = 4*g + 540. Calculate the highest common factor of 32 and y.
16
Let f = 3497 + -3427. What is the highest common divisor of f and 4130?
70
Let x be (-2)/(-9) - (-36624)/432. Suppose -5*f = 2*s - 2*f - 34, 0 = -s + 5*f - 9. Let m = 6 + s. Calculate the greatest common divisor of x and m.
17
Let z(g) = 9*g - 15. Let p be z(19). Let n be (-1)/(9/p)*-3. Suppose a + 15 + 41 = 5*i, 3*i - n = -4*a. What is the highest common factor of i and 132?
12
Let h be 31/(620/(-80)) + (-34)/(-1). Calculate the highest common divisor of 2030 and h.
10
Suppose 0 = n - 219*k + 226*k + 57, -k = -3*n + 71. Let c = 2 - -30. Calculate the greatest common divisor of n and c.
4
Suppose 0 = w - 5*u - 5, -11 = 727*w - 728*w - u. Suppose -a = 4*r - 1722, -7*r + 3*r + 1714 = -3*a. What is the highest common factor of r and w?
10
Let k = 28 - 46. Let x be 1/(-2) + k*5/(-20). Suppose 10*b - x*b = 720. What is the highest common divisor of 48 and b?
24
Let c(g) = g**3 - 11*g**2 + 20*g - 50. Let y be c(11). Suppose y = 3*h + 2*j - 297, -4*h + 616 = j. Calculate the greatest common divisor of 85 and h.
17
Suppose 0 = 3*x + 4*h - 7964, 2538 = 2*x + 4*h - 2762. What is the highest common factor of 288 and x?
72
Let v be ((-18)/(-5))/((-20)/(-50)). Suppose -v*z - 87 = -4*q - 4*z, q - 8 = 4*z. Suppose -4*d = -9*d + 140. What is the greatest common factor of q and d?
28
Let m = -7458 + 16359. What is the highest common factor of m and 207?
207
Let k be 4/(-32)*-6 - (-3)/(-4). Suppose 4*i + 364 = -4*x - k*x, 4*x = -5*i - 368. Let r = x - -108. What is the highest common divisor of 189 and r?
21
Let q(j) = -723*j + 30411. Let d be q(42). Suppose -7*n + 2*n = 5*a - 880, -3*n = 4*a - 708. What is the greatest common divisor of d and a?
45
Suppose v = 4*o - 136, v + 5*o + 93 = -43. Let a be -2 + -6 - (2 + v). What is the greatest common divisor of 567 and a?
63
Let x(r) = -19*r + 40. Let h be x(-8). Let i = h - 185. Calculate the greatest common factor of 49 and i.
7
Let u(s) = 3*s**2 - 17*s - 4. Let w be u(6). Suppose -1 = 2*g - 5*h, w*h + 2 = 4*g - 3*g. Calculate the highest common divisor of 162 and g.
6
Let k = 10351 - 10311. What is the highest common factor of 8780 and k?
20
Let n = -29 - -34. Suppose 3*v = -n*c - 26, -5*v + 4 = 14. Let w(l) = l**3 + 6*l**2 + 2*l - 5. Let s be w(c). What is the greatest common factor of 19 and s?
19
Let t = -980 - -1058. Calculate the greatest common factor of t and 2886.
78
Let z = -73 - -108. Let t = -830 - -865. Calculate the greatest common factor of t and z.
35
Let p(b) = 100*b - 282. Let s be p(6). Calculate the highest common divisor of s and 2.
2
Let y = 105 - 117. Let o be 18506/228 + 2/y. What is the highest common divisor of 54 and o?
27
Let x(t) = -637*t + 1538. Let y be x(-2). Calculate the greatest common factor of 1184 and y.
148
Let x be (6*(-2)/(-8))/(6/8). Suppose 0 = x*v + 1 - 5. Suppose v*o + 4*b = 3*o + 15, o + 11 = 3*b. Calculate the highest common divisor of o and 8.
1
Let f(l) = 18*l + 50. Let w be f(-3). Let x be 154/w*(-1512)/294. What is the highest common divisor of x and 18?
18
Suppose -j + 5 = 8, -5*j + 103 = 2*n. Let l = -1 + n. Suppose w - l = 19. Calculate the highest common divisor of 11 and w.
11
Suppose 4*k - 28 = 2*k. Let n = -352 - -421. Suppose 113 + n = k*r. Calculate the greatest common divisor of 117 and r.
13
Suppose 5*n - 5*o = 6290, 5*n - 6290 = -3*o + 4*o. Let u = -521 + n. Suppose 23 = 5*r - u. What is the greatest common factor of 19 and r?
19
Let m = 5022 - 4830. What is the highest common divisor of m and 3888?
48
Let g(b) = b**3 - 8*b**2 - 15*b + 76. Let d be g(8). Let p(i) = -8*i - 209. Let c be p(d). Suppose -15 + 2 = -u. What is the greatest common divisor of c and u?
13
Suppose 803 = 9*b - 3364. Suppose 506 + b = 19*z. Let j = 29 - 12. Calculate the greatest common divisor of z and j.
17
Suppose -25*w - 11*w = -396. What is the highest common factor of w and 957?
11
Let p be -6 - 23/((-161)/182). Let m = 50 + 10. What is the highest common divisor of p and m?
20
Suppose 4*i = -795*k + 791*k + 120, 4*k - 111 = 5*i. Calculate the greatest common divisor of 9 and k.
1
Let b be 4 + (343 - (0 + -3)). Let z = b - 336. Calculate the greatest common divisor of 14 and z.
14
Suppose -2719 = 50*s - 41119. Calculate the highest common factor of s and 132.
12
Suppose 4*p - 33 = 3*l, l - 54 = -2*p - 25. What is the highest common factor of 50 and p?
2
Let o = 141 - 138. Let t(c) = 4*c - 49. Let a be t(14). Let n = 20 + a. What is the greatest common divisor of o and n?
3
Let k be (-1521)/1183 + (-3 - 1200/(-35)). Let w be 2*((-12)/(-2) - 2). Suppose w*a - 5*a - 90 = 0. What is the greatest common factor of k and a?
30
Suppose 4*o - 12 = 0, -28*k - 5*o - 673 = -24*k. Let m be 56/308 - k/22. Calculate the highest common divisor of m and 88.
8
Suppose -36*q + 43*q - 18816 = 0. What is the greatest common factor of q and 126?
42
Let k be ((-32796)/27 + 2)*-3. Calculate the greatest common divisor of 107 and k.
107
Let r be (-13 + 0)*(-4)/2. Let k = r + -22. What is the highest common di